s + a - 220. What is the highest common factor of 5 and s?
5
Let j(z) = 12*z - 71. Let n be j(6). Suppose n = -b + 12. Calculate the greatest common divisor of 11 and b.
11
Let c(f) = -20*f + 802. Let m be c(18). Calculate the greatest common factor of m and 78.
26
Let b be 5 - (-290 + 3 + -3). What is the greatest common divisor of b and 5?
5
Let g(a) = a + 22. Let z be g(-8). Let k be z + -7 + 6/2. What is the greatest common divisor of 4 and k?
2
Let c(w) = -w + 7. Let h be c(3). Suppose 2*l - 64 = h*l. Let v = -8 - l. Calculate the greatest common divisor of 8 and v.
8
Suppose -2*q + 88 = -0*q. Let y(x) = x**3 + 7*x**2 - 11. Let m be y(-6). Let d = m + -21. Calculate the greatest common factor of q and d.
4
Suppose 38 = -2*i + 10. Let z(r) = r**2 + 11*r - 30. Let x be z(i). Calculate the highest common divisor of 30 and x.
6
Suppose 0 = -4*t + 1030 + 7370. Suppose -6*j + t = j. What is the highest common divisor of 20 and j?
20
Let h be ((-12)/6 + 13)/1. Calculate the highest common factor of h and 2.
1
Let o be (-33)/6*-2 - 2. Suppose -11 = -o*a - 2. Let b(k) = -9*k - 1. Let q be b(-1). What is the highest common divisor of a and q?
1
Let q = -379 - -409. Calculate the greatest common factor of 330 and q.
30
Suppose 3*r - r - 12 = 0. Suppose 12 = r*z - 60. Calculate the highest common divisor of 6 and z.
6
Suppose -3*f + 2*j + 0 = -2, 0 = 3*f - 3*j - 3. Suppose f*p = -p + 216. Let u be 553/21 + 2/3. Calculate the greatest common divisor of u and p.
27
Let v = 20 + -15. Let s be 2/(-9) + 296/36. Suppose 0 = -4*u - s, 5*u = v*x - 112 - 178. Calculate the greatest common factor of 14 and x.
14
Let c(u) = -u**2 + 17*u + 22. Let w be (17 - 14)*(-34)/(-6). Let f be c(w). Calculate the highest common divisor of f and 22.
22
Let p be 58*(-1)/(-2) + (-1)/1. What is the greatest common divisor of 12 and p?
4
Suppose 176 = 4*y + 2*n - 6*n, 4*n = y - 44. Calculate the greatest common factor of y and 1320.
44
Let b be 14/(-5)*(-10)/4. Suppose b = -5*t - 13. Let d be t/14 + (-405)/(-21). Calculate the greatest common factor of 133 and d.
19
Let t = 32 - 1. Let o = t - 30. Let q(p) = 3*p**2 + p - 1. Let g be q(o). Calculate the highest common divisor of g and 33.
3
Suppose -11*i + 12*i + 5 = 0. Let p be (-1)/(-2)*(69 - i). What is the highest common factor of p and 148?
37
Suppose -4*g = -2*x + 42, -5*g + 34 + 29 = 3*x. Calculate the greatest common factor of 399 and x.
21
Let i = 12 - 42. Let f = i + 34. Let x(r) = -2*r - 2. Let n be x(-4). What is the highest common divisor of f and n?
2
Let d(j) = -44*j + 2. Let v be d(-2). Let w be 3/18*9 + v/4. What is the highest common factor of w and 96?
24
Let v be 750/4 - (222/4)/(-37). What is the highest common factor of 162 and v?
27
Let x = 70 + -102. Let w = -20 + x. Let y = 29 - w. Calculate the greatest common divisor of y and 9.
9
Let y be (-46)/2*(-7 - 7). What is the highest common factor of y and 46?
46
Suppose 550 = -6*m + 1486. Let b = -100 + m. What is the highest common divisor of b and 8?
8
Let b be (-518)/(-12) + (-2)/12. Suppose -2*v + 5 + b = 0. Let g = 403 + -391. What is the highest common factor of v and g?
12
Let a be (20/8 + -3)*-100*1. Suppose 12*v = 11*v + a. Calculate the highest common divisor of 10 and v.
10
Let h = 113 + -110. Suppose 4*l + h*l - 588 = 0. What is the greatest common divisor of 12 and l?
12
Suppose -2*m = -3*a - 7, -3*m = -5*a - 1 - 11. Let n be 20/(-12)*(a + -3). Calculate the highest common factor of n and 30.
10
Let s = 192 + -80. What is the highest common factor of 16 and s?
16
Suppose 0 = -b + 4*b + 3, 4*g = b + 13. Let o be (8/4)/(-1 + g). Let m be o*-2*(-60)/8. What is the highest common divisor of 75 and m?
15
Suppose -n - 5 = -b, b - 11 = 6*n - 2*n. Let f be (-5 - (-62)/6)/(2/b). What is the highest common divisor of f and 88?
8
Let d be (7 + -9)/(6/(-147)). Calculate the greatest common divisor of d and 35.
7
Let r = 272 + -132. Suppose 0 = -14*n + 19*n - 2*h - 276, 4*n = 3*h + 218. What is the greatest common factor of r and n?
28
Let i be 40/(-1 - -3) - 2. Let f = i - 5. Let s be ((-546)/(-154))/(21/693). What is the highest common factor of f and s?
13
Suppose 22*m = 52*m - 300. Calculate the greatest common divisor of 16 and m.
2
Let k be -850*(63/(-6))/7. Calculate the greatest common factor of k and 34.
17
Suppose 15193 + 6087 = 32*f. What is the highest common divisor of 10 and f?
5
Let a be ((-230)/(-8))/(4/16). Suppose -112*i = -6693 + 1541. Calculate the greatest common factor of i and a.
23
Let m(t) = 14 + 0*t**2 + t**2 - 2*t**2 + 0*t - 4*t. Let u be m(-6). What is the greatest common divisor of u and 1?
1
Let d(y) = -7*y - 2. Let u be d(-2). Let q be 0 + -1 + (-100)/(-4). Calculate the highest common divisor of u and q.
12
Suppose -2*a = -5*b - 61, -5*b + 15 = 40. What is the highest common divisor of 10 and a?
2
Suppose 0 = -4*j - 2*m + 44, -m + 4 = -3*j + 37. What is the highest common factor of j and 3443?
11
Suppose 25*z - 11*z + 616 = 0. Let w be z/(3 - 2 - 3). What is the greatest common factor of 110 and w?
22
Suppose -i - b + 17 = -4*b, -10 = 5*i + 4*b. Suppose -i*q = -q - 66. Suppose -5*t = -167 - 328. Calculate the greatest common factor of t and q.
33
Suppose 9 = -4*v - 3. Let b be -3*(1 - v)*(-30)/24. What is the highest common divisor of b and 75?
15
Suppose y - 50 = -46. Suppose -f + 31 = -y*k - 5, 0 = 2*f + 5*k - 20. What is the highest common factor of 50 and f?
10
Let a be ((-84)/(-12))/(2/8). Calculate the greatest common factor of a and 8.
4
Suppose 4*t - 25 = 3. Suppose -t*h = -3*h - 480. What is the highest common factor of h and 20?
20
Let n(a) = -10*a**3 - 4*a**2 - 10*a - 3. Let b be n(-3). What is the greatest common divisor of 18 and b?
9
Suppose 0 = 14*n - 657 - 1023. Suppose -4*l + 3 = 19. Let k = l - -19. Calculate the greatest common divisor of k and n.
15
Suppose -4*d = -16 - 8. Let k = 187 + -109. Calculate the highest common divisor of k and d.
6
Suppose 119 = 152*z - 159*z. Let u(d) = -3*d + 3. Let o be u(6). Let t = o - z. What is the highest common factor of t and 6?
2
Suppose 3*d + 25 = 508. Let c = d - 73. Calculate the highest common divisor of 8 and c.
8
Let n(q) = -2*q**2 - q + 10. Let o be n(0). Calculate the highest common divisor of 20 and o.
10
Suppose -4*f - 15 = p, -3*p + 5*p - 2*f + 30 = 0. Let q = p - -145. What is the highest common factor of 10 and q?
10
Suppose -10*c - 1665 = -9225. What is the highest common factor of c and 98?
14
Let p be 24/56 + 9444/14. Calculate the greatest common factor of p and 50.
25
Let c(u) = -u + 19. Let m be c(19). Suppose -2*w - 6 = 0, -f = -m*f + 5*w - 75. What is the highest common divisor of f and 10?
10
Let v be (-6)/8*34*2. Suppose 0 = -z + 154 - 40. Let d = z + v. What is the highest common divisor of 42 and d?
21
Let s(c) = -c - 6. Let w be s(-11). Suppose -10 = -5*h + w*r, h = -2*r + 4 + 7. Let u = h - -2. What is the highest common divisor of 7 and u?
7
Suppose -5*l + 75 = 4*k - 34, -4*l = -4*k - 80. What is the greatest common factor of l and 147?
21
Let h = -723 - -958. Let z(d) = -94*d. Let p be z(-1). What is the greatest common factor of p and h?
47
Let i(n) = n**3 + 2*n. Let f be i(2). Suppose -43*g + 7443 - 1767 = 0. What is the highest common divisor of g and f?
12
Let s = -45 - -43. Let x be 39 + (2 - (0 - 1 - s)). What is the greatest common divisor of 16 and x?
8
Suppose s - 3*w - 26 = 0, -3*s + 68 = -w - 34. Suppose 3*a - 14 = -2*y + 14, 0 = 3*a. Calculate the highest common factor of y and s.
7
Let t be (12/14)/((-1)/(-119)). Let a = 186 + -169. Calculate the greatest common factor of t and a.
17
Let a be (-3 + 23/9)*-9. Suppose 4*g + 3 = 11. Suppose -3*d - 2*r + 78 = 0, -12 - 90 = -4*d - g*r. Calculate the highest common factor of d and a.
4
Suppose 6*m = -m + 511. Let r = m - 33. What is the highest common divisor of r and 30?
10
Let s(h) = h + 1. Let y be s(-2). Let k be 4/8*4 + 18 + y. Calculate the highest common factor of k and 76.
19
Suppose 0 = 6*g + 2*g - 504. Let a be 83/4 + 2/8. Calculate the greatest common factor of g and a.
21
Suppose 5*s - 31 = -i, -2*i + s = -23 - 6. Suppose -4*q + 24 = 0, -2*h - h - 104*q = -105*q. Calculate the highest common factor of h and i.
2
Let q be -8 - (-13)/(91/112). Calculate the highest com